*p - 2*p - 495 = h. Calculate the remainder when p is divided by 18.
9
Let w be ((-40)/12)/(-5) + 716/6. Let z = 137 - w. What is the remainder when 67 is divided by z?
16
Let a = -80 + 128. Suppose -2*m + 673*t + 474 = 668*t, t = 0. What is the remainder when m is divided by a?
45
Suppose 100 + 24 = 3*w + 4*i, 2*i = -w + 46. Calculate the remainder when (-366)/3*(-3)/6 is divided by w.
29
Suppose 42151 - 41999 = 8*t. Calculate the remainder when 959 is divided by t.
9
Suppose -p + 40 = 4*r, -12*r + 5*p + 100 = -7*r. What is the remainder when 167 is divided by r?
11
Suppose 80*i - 68023 = 32697. Calculate the remainder when i is divided by 18.
17
Let h = 16829 - 16776. Calculate the remainder when 532 is divided by h.
2
Let a(j) = 25*j**2 - 43*j - 45. Calculate the remainder when a(-9) is divided by 10.
7
Calculate the remainder when 29499/105 - (-148)/2590 is divided by 16.
9
Let d(f) = f**2 + 3*f - 5. Suppose 3*z + v = 37, 5*z - 42 = -2*v + 19. Suppose -4 - 9 = -z*g. Calculate the remainder when d(-5) is divided by g.
0
Suppose -8*w - 1418 = -4*q - 10*w, -21 = 3*w. What is the remainder when q is divided by 69?
13
Suppose 359 = y + 4*j, -4*y + 5*y = 5*j + 323. What is the remainder when y is divided by 117?
109
Let x(k) = 6*k**3 - 2*k**2 - 5*k + 6. Let u be (-9 - (-200)/24)*(-6)/4. Calculate the remainder when (-18)/(-4)*(-1 + 3) is divided by x(u).
4
Let f = 3 + 0. Let n be (35/(-14))/((-10)/(-48)). Calculate the remainder when f/(-6) - 2214/n is divided by 47.
43
Suppose -2*j = 5*h - 790 - 3097, 3*h = j + 2319. What is the remainder when 3878 is divided by h?
3
Suppose 22*u + 43 + 287 = 0. Let n = 3 + 4. Calculate the remainder when (0 - u) + (-13 - -8) is divided by n.
3
Let z = -115 - -180. Let t be z/35 + 2/14. What is the remainder when t + -4 + (-64)/(-2) is divided by 11?
8
Let r = -7012 + 7053. What is the remainder when r is divided by (-1 + 2 + -16)/(-1)?
11
Let c = 10159 - 8711. What is the remainder when c is divided by 11?
7
Let h be 930/(-4)*(-168)/63. Let z = -501 + h. Let y = -4 - -16. Calculate the remainder when z is divided by y.
11
Let c(p) = 18*p**2 + 37*p. Let m be c(-3). Suppose 4*f - 20*j + 21*j - 91 = 0, 0 = 3*f - 5*j - m. Calculate the remainder when 40 is divided by f.
18
Suppose -2*f + 3*f - 1 = 0. Let z be 52 + f/(-2)*0. Let j = -37 + z. What is the remainder when 28 is divided by j?
13
Let q = 149 + -124. Suppose q*y = 11*y + 994. What is the remainder when y is divided by 25?
21
Suppose 2*l - 4*d = -16, -5*l + 4*d - 20 = -l. Suppose 4*f - 42 = -m, -2*f + 21 - 119 = -3*m. What is the remainder when 22/3*(-27)/l is divided by m?
31
Suppose 0 = -2*u - 5*v + 17 + 71, -2*v + 262 = 5*u. Let m = -389 - -397. What is the remainder when u is divided by m?
6
Suppose 2*x + 9102 = -u + 5*u, 4*u + 4*x - 9108 = 0. Suppose -46*p + 1358 = -u. What is the remainder when 237 is divided by p?
0
Let x(y) = -2*y - 22. Let j be x(-6). Calculate the remainder when (-130)/(-35)*(-3 - j) is divided by 3.
2
Let a(p) = p - 1. Let n be a(3). Let u be (11 - -7) + 0 + n + 1. Calculate the remainder when (-236)/(-3) + -7*(-1)/u is divided by 20.
19
Suppose 638 + 1342 = 9*u. What is the remainder when u is divided by 119?
101
Let p be 600 + 6 + 0 + 6. Let b = p + -607. What is the remainder when 30 - 1/(-2)*-2 is divided by b?
4
Let h(d) = 9*d + 418. Calculate the remainder when 144 is divided by h(-46).
0
Suppose -2*i + 546 = 3*s + 93, 3*i - 687 = 3*s. What is the remainder when i is divided by 129?
99
Let a be 199 + 10/15*(-3)/(-2). Suppose a = 2*z + 142. Calculate the remainder when 114 + 1/(3 - 2) is divided by z.
28
Let f(y) be the second derivative of y**3/6 + 27*y**2/2 - 33*y. Calculate the remainder when f(-11) is divided by 7.
2
Let o be 1*(4/(-16) - 43/4). Let a = 40 - o. What is the remainder when a is divided by 15?
6
Suppose -3*j = 6*l - 4*l - 28, -l + 4 = 4*j. What is the remainder when 183 is divided by 935/l + (-18)/24?
45
Calculate the remainder when 12*455/26*1 is divided by 104.
2
What is the remainder when 426 is divided by ((-3542)/1288)/(1/(-36))?
30
Suppose 3*r = -4*m - 10, 21*r = 26*r + 2*m - 2. Let x(c) = -2*c**2 + 30*c - 23. Calculate the remainder when x(12) is divided by r.
1
Let a(m) = m**3 + 7*m**2 - 7*m - 31. Let b(j) = 9*j + 2. Let l be b(-1). Calculate the remainder when 161 is divided by a(l).
17
Let d(o) = 28*o - 6. Let h = -167 + 172. Calculate the remainder when d(h) is divided by 27.
26
Suppose 3*r - 377 + 65 = 4*h, -r = 5*h - 28. Calculate the remainder when r is divided by 9 - (0 - 2/2).
8
What is the remainder when (0 + 3/42)*1114 + 6/14 is divided by 46?
34
Suppose 13*c - 24 = 19*c. Suppose -v = -3*v - 24. What is the remainder when ((0 - (-27)/v) + -1)*c is divided by 8?
5
Suppose -36697*n = -36711*n + 560. What is the remainder when 1755/4 - (-2)/8 is divided by n?
39
Let p(q) = q**3 + 44*q**2 - 40*q - 16. What is the remainder when p(-38) is divided by 18?
16
Suppose 3*u - 36 = 4*u + 4*k, 3*k = -2*u - 67. What is the remainder when (0 - 0) + u + 126 is divided by 31?
1
Suppose 5405 = 13*m + 10*m. Let t = 247 - m. What is the remainder when 32 - (3/1 + -6) is divided by t?
11
Let o(f) = 47*f + 16. Let p be o(3). Suppose 0 = -153*k + p*k - 268. Calculate the remainder when k is divided by 28.
11
Calculate the remainder when 22/66*-21 + 18*81 is divided by 471.
38
Let y(i) = -i**3 - 9*i**2 - 7*i + 16. Let h be y(-8). Suppose -2*a - 3*c = -966, 6*a - h*a - c = -958. Calculate the remainder when a is divided by 23.
17
Let i(x) = -3*x**3 - 75*x**2 + x + 36. Let l(y) = 4*y**2 - y + 5 - 4*y**2 - y**3 - 4. Calculate the remainder when l(-3) is divided by i(-25).
9
Let l(b) = -b**2 + 3*b - 84. Let g be l(7). Let z = 160 + g. Calculate the remainder when 89 is divided by z.
41
Let i = 143 + -143. Suppose -h - 2*c + 111 = i, 0 = 3*h - c + 2*c - 323. Calculate the remainder when h is divided by 18.
17
Let q(k) = k**2 + 3*k. Suppose 8*l = 1699 - 1291. Calculate the remainder when l is divided by q(2).
1
Let t(z) be the first derivative of -z**3/3 + 5*z**2 + 6*z - 8. Let n = -30 - -71. What is the remainder when n is divided by t(8)?
19
Suppose 3*d = -24, 2*s + 206 = 4*s + 4*d. Calculate the remainder when 8326 is divided by s.
115
Suppose 4*v = 16*v + 14*v - 1196. What is the remainder when 550 is divided by v?
44
Suppose l + 3*c = 112, 4*l = 2*c + 585 - 179. What is the remainder when 340 is divided by l?
31
What is the remainder when -1 - (1611/(-27) - (-4)/(-12)) is divided by 23 - (-1 - 3/(-1))?
17
Let m = -2067 - -2246. Calculate the remainder when 604 is divided by m.
67
Suppose 57*s + 4*o = 53*s + 232, 0 = s + 9*o - 58. What is the remainder when 639 is divided by s?
1
Let d = 1479 + -1246. Calculate the remainder when d is divided by 52.
25
What is the remainder when (-2695)/(-14) + (-1)/(-2) is divided by (-5)/(2 - 7) - (-51)/3?
13
Let a = 411 - 324. What is the remainder when 430 is divided by a?
82
Let s(f) = -6 - 13*f + 1 - 1 - 7*f. Calculate the remainder when 1 - -162 - (108/(-2))/(-18) is divided by s(-3).
52
Let n = -13028 - -13069. Calculate the remainder when 1877 is divided by n.
32
Let y be 4/6*(5 - 2) + 3. Suppose 142 = 2*i - 3*u, -334 = -y*i + 5*u + 31. Calculate the remainder when i is divided by 26.
25
Let l be 35 + 4 + -2 + -1 + 0. Let v = l + -34. Suppose 5*h + v*n - 100 = 0, -4*h - 2*n = -0*h - 78. What is the remainder when 65 is divided by h?
21
Let w(r) = r**2 - 13*r + 31. Let f be w(11). Calculate the remainder when 32 is divided by (f + -19 + 7)/(1/(-3)).
5
What is the remainder when (197/39 - 118/2301)*619 is divided by 24?
23
Calculate the remainder when 470 is divided by -30*(-5*248/(-140))/(4/(-7)).
5
Calculate the remainder when 24/(-20) + (3768/15 - 8 - -9) is divided by 73.
32
Let t(o) = -o**3 - 47*o**2 - 52*o + 190. Calculate the remainder when t(-46) is divided by 157.
152
Calculate the remainder when -38 + 1451 - -42 - (-1 - 1) is divided by 722.
13
Suppose 0 = 25*r - 28*r + 60. Let a(b) = -b**2 + 12*b + 8. Let x be a(9). Calculate the remainder when 3340/x + (-4)/(-7) is divided by r.
16
Let s(q) = -52*q**3 - 9*q**2 - 20*q - 23. What is the remainder when s(-2) is divided by 20?
17
Calculate the remainder when (264/(-462))/((-6)/6195) is divided by 149.
143
Suppo